r when 1475 is divided by 275?
100
Calculate the remainder when 402932 is divided by 86.
22
Calculate the remainder when 420432 is divided by 1789.
17
What is the remainder when 178258 is divided by 60?
58
Calculate the remainder when 15042 is divided by 184.
138
Calculate the remainder when 67333 is divided by 6.
1
Calculate the remainder when 2195 is divided by 154.
39
Calculate the remainder when 591 is divided by 244.
103
What is the remainder when 332515 is divided by 97?
96
What is the remainder when 2676 is divided by 9?
3
What is the remainder when 131628 is divided by 23?
22
What is the remainder when 221533 is divided by 301?
298
What is the remainder when 24037 is divided by 394?
3
Calculate the remainder when 5655 is divided by 257.
1
Calculate the remainder when 8169 is divided by 2021.
85
What is the remainder when 42110 is divided by 2629?
46
What is the remainder when 1638605 is divided by 1099?
1095
Calculate the remainder when 759981 is divided by 43.
42
Calculate the remainder when 2808 is divided by 1244.
320
What is the remainder when 7533 is divided by 125?
33
What is the remainder when 126824 is divided by 130?
74
What is the remainder when 2997 is divided by 738?
45
Calculate the remainder when 57858 is divided by 1345.
23
Calculate the remainder when 1564708 is divided by 634.
630
Calculate the remainder when 14513 is divided by 250.
13
Calculate the remainder when 2891 is divided by 263.
261
Calculate the remainder when 179420 is divided by 566.
564
What is the remainder when 63775 is divided by 658?
607
What is the remainder when 799865 is divided by 123?
119
What is the remainder when 190083 is divided by 78?
75
Calculate the remainder when 246803 is divided by 483.
473
Calculate the remainder when 8627 is divided by 575.
2
Calculate the remainder when 424618 is divided by 45.
43
What is the remainder when 3332515 is divided by 148?
147
Calculate the remainder when 15855423 is divided by 2257.
2255
Calculate the remainder when 19967 is divided by 6641.
44
What is the remainder when 8938 is divided by 86?
80
What is the remainder when 1176 is divided by 37?
29
Calculate the remainder when 3827 is divided by 371.
117
What is the remainder when 533763 is divided by 23?
2
What is the remainder when 19611 is divided by 1398?
39
Calculate the remainder when 11800 is divided by 328.
320
Calculate the remainder when 1223844 is divided by 203973.
6
What is the remainder when 1034 is divided by 495?
44
What is the remainder when 36873 is divided by 46?
27
What is the remainder when 11617 is divided by 3809?
190
What is the remainder when 6961 is divided by 149?
107
Calculate the remainder when 39031 is divided by 5575.
6
Calculate the remainder when 13430 is divided by 13400.
30
Calculate the remainder when 10129 is divided by 137.
128
Calculate the remainder when 32298 is divided by 10.
8
Calculate the remainder when 26553 is divided by 187.
186
Calculate the remainder when 16011 is divided by 157.
154
Calculate the remainder when 10718 is divided by 1070.
18
What is the remainder when 101432 is divided by 573?
11
Calculate the remainder when 81128 is divided by 100.
28
What is the remainder when 8778 is divided by 1251?
21
What is the remainder when 267549 is divided by 14?
9
What is the remainder when 5522709 is divided by 78?
75
Calculate the remainder when 90352 is divided by 50.
2
Calculate the remainder when 36042 is divided by 879.
3
Calculate the remainder when 24194 is divided by 25.
19
Calculate the remainder when 8688 is divided by 264.
240
Calculate the remainder when 8105 is divided by 232.
217
What is the remainder when 21818 is divided by 312?
290
Calculate the remainder when 1832036 is divided by 24.
20
Calculate the remainder when 14193 is divided by 83.
0
What is the remainder when 225149 is divided by 866?
855
What is the remainder when 445605 is divided by 36?
33
What is the remainder when 2460 is divided by 131?
102
Calculate the remainder when 629925 is divided by 953.
945
Calculate the remainder when 402190 is divided by 1.
0
What is the remainder when 3243 is divided by 1379?
485
What is the remainder when 28971 is divided by 824?
131
What is the remainder when 279923 is divided by 66?
17
Calculate the remainder when 37881 is divided by 35.
11
Calculate the remainder when 9169 is divided by 329.
286
What is the remainder when 12899 is divided by 2847?
1511
What is the remainder when 182609 is divided by 191?
13
What is the remainder when 2714 is divided by 144?
122
What is the remainder when 34909 is divided by 267?
199
Calculate the remainder when 599655 is divided by 270.
255
What is the remainder when 329 is divided by 104?
17
What is the remainder when 1794 is divided by 1784?
10
Calculate the remainder when 18102 is divided by 51.
48
What is the remainder when 232986 is divided by 197?
132
What is the remainder when 9157 is divided by 1412?
685
Calculate the remainder when 20104 is divided by 26.
6
Calculate the remainder when 103716 is divided by 17.
16
Calculate the remainder when 4462 is divided by 546.
94
What is the remainder when 128696 is divided by 180?
176
What is the remainder when 10083 is divided by 3153?
624
Calculate the remainder when 28122 is divided by 2802.
102
Calculate the remainder when 3508 is divided by 608.
468
Calculate the remainder when 99950 is divided by 16.
14
Calculate the remainder when 2645 is divided by 202.
19
What is the remainder when 153745 is divided by 1585?
0
Calculate the remainder when 8344 is divided by 4164.
16
What is the remainder when 411217 is divided by 580?
577
What is the remainder when 31151 is divided by 2070?
101
What is the remainder when 3027 is divided by 2527?
500
Calculate the remainder when 13444 is divided by 21.
4
What is the remainder when 10880 is divided by 2718?
8
What is the remainder when 6037 is divided by 288?
277
What is the remainder when 1674 is divided by 303?
159
What is the remainder when 64410 is divided by 82?
40
What is the remainder when 1550 is divided by 49?
31
Calculate the remainder when 3455 is divided by 1724.
7
Calculate the remainder when 5025 is divided by 3768.
1257
Calculate the remainder when 36622 is divided by 52.
14
What is the remainder when 8717 is divided by 1981?
793
What is the remainder when 425407 is divided by 6165?
22
What is the remainder when 1760 is divided by 181?
131
What is the remainder when 282891 is divided by 141436?
19
Calculate the remainder when 6713264 is divided by 842.
840
Calculate the remainder when 17847 is divided by 30.
27
Calculate the remainder when 7810 is divided by 18.
16
Calculate the remainder when 2863 is divided by 554.
93
Calculate the remainder when 334707 is divided by 523.
510
What is the remainder when 140686 is divided by 7?
0
Calculate the remainder when 1001 is divided by 597.
404
What is the remainder when 5476431 is divided by 932?
931
Calculate the remainder when 117807 is divided by 14.
11
Calculate the remainder when 1581 is divided by 303.
66
Calculate the remainder when 88104 is divided by 5182.
10
What is the remainder when 12748 is divided by 12730?
18
Calculate the remainder when 24999 is divided by 72.
15
What is the remainder when 3038 is divided by 219?
191
What is the remainder when 478967 is divided by 15?
2
What is the remainder when 53570 is divided by 29?
7
What is the remainder when 125662 is divided by 42?
40
What is the remainder when 8379 is divided by 20?
19
What is the remainder when 29083 is divided by 55?
43
Calculate the remainder when 107419 is divided by 1431.
94
What is the remainder when 28033 is divided by 27982?
51
Calculate the remainder when 27856 is divided by 960.
16
Calculate the remainder when 549 is divided by 114.
93
Calculate the remainder when 1930 is divided by 190.
30
Calculate the remainder when 6817111 is divided by 12.
7
Calculate the remainder when 2512 is divided by 628.
0
What is the remainder when 1724 is divided by 46?
22
Calculate the remainder when 78804 is divided by 323.
315
What is the remainder when 127247 is divided by 43?
10
What is the remainder when 89915 is divided by 12842?
21
What is the remainder when 519821 is divided by 2586?
35
What is the remainder when 24639 is divided by 10?
9
Ca